
Is 107112 a multiple of 23?
False
Does 5 divide 64?
False
Is 745 a multiple of 16?
False
Is 3 a factor of 271?
False
Does 47 divide 10689?
False
Is 54 a factor of 28931?
False
Is 13 a factor of 7881?
False
Is 2910 a multiple of 16?
False
Does 34 divide 11866?
True
Does 68 divide 12172?
True
Is 113 a factor of 47460?
True
Does 72 divide 2592?
True
Does 8 divide 34728?
True
Is 58 a factor of 754?
True
Is 30 a factor of 870?
True
Is 96651 a multiple of 26?
False
Is 44 a factor of 81664?
True
Does 30 divide 62160?
True
Is 16 a factor of 464?
True
Is 8 a factor of 1360?
True
Is 18 a factor of 1614?
False
Is 7 a factor of 10714?
False
Is 27 a factor of 3024?
True
Does 29 divide 1537?
True
Does 30 divide 1217?
False
Is 15 a factor of 11940?
True
Is 6419 a multiple of 28?
False
Is 46 a factor of 17233?
False
Is 4202 a multiple of 14?
False
Does 167 divide 53955?
False
Is 18 a factor of 20682?
True
Does 127 divide 4510?
False
Does 3 divide 1724?
False
Does 24 divide 5136?
True
Is 18 a factor of 3861?
False
Does 128 divide 2917?
False
Is 23 a factor of 37053?
True
Does 28 divide 21540?
False
Is 28084 a multiple of 28?
True
Is 3840 a multiple of 20?
True
Is 1859 a multiple of 12?
False
Does 24 divide 169152?
True
Is 465 a multiple of 16?
False
Is 27 even?
False
Is 50 a multiple of 4?
False
Is 55 even?
False
Is 9 a factor of 16434?
True
Is 88 a factor of 507?
False
Does 23 divide 2208?
True
Is 4589 a multiple of 13?
True
Is 66 a factor of 6669?
False
Is 47 a factor of 58806?
False
Does 67 divide 24666?
False
Does 38 divide 247?
False
Is 38 a multiple of 16?
False
Is 7 a factor of 914?
False
Does 175 divide 65596?
False
Is 4468 a multiple of 2?
True
Is 21 a factor of 33852?
True
Is 405 a factor of 62021?
False
Does 36 divide 138?
False
Is 1595 a multiple of 5?
True
Is 1650 a multiple of 22?
True
Does 13 divide 3823?
False
Is 6 a factor of 311?
False
Is 704 a multiple of 11?
True
Does 31 divide 2674?
False
Does 4 divide 3016?
True
Is 455 a multiple of 35?
True
Is 2 a factor of 179?
False
Does 13 divide 18477?
False
Is 228 even?
True
Does 41 divide 3063?
False
Is 18 a factor of 114?
False
Does 13 divide 32318?
True
Is 12 a factor of 8112?
True
Does 36 divide 2664?
True
Does 2 divide 630?
True
Does 52 divide 2599?
False
Is 10 a factor of 19870?
True
Is 7 a factor of 600?
False
Is 14 a factor of 2087?
False
Is 1633 a multiple of 23?
True
Is 8 a factor of 4000?
True
Is 68 a multiple of 24?
False
Is 18 a factor of 13230?
True
Does 4 divide 4527?
False
Is 406 a multiple of 32?
False
Is 526 a multiple of 3?
False
Is 594 a multiple of 63?
False
Is 13 a factor of 2301?
True
Does 78 divide 4680?
True
Is 289 a multiple of 27?
False
Is 12 a factor of 37884?
True
Is 576 a multiple of 16?
True
Does 14 divide 3416?
True
Is 2013 a multiple of 33?
True
Does 34 divide 2233?
False
Does 149 divide 2829?
False
Is 39 a factor of 263?
False
Does 39 divide 819?
True
Is 2922 a multiple of 17?
False
Is 47 a factor of 1758?
False
Does 18 divide 22014?
True
Is 1764 a multiple of 7?
True
Is 3 a factor of 47?
False
Is 6 a factor of 810?
True
Is 9912 a multiple of 5?
False
Is 17320 even?
True
Does 10 divide 41372?
False
Is 713 a multiple of 4?
False
Does 2 divide 68?
True
Is 10 a factor of 1050?
True
Does 13 divide 71844?
False
Does 91 divide 50050?
True
Is 2788 a multiple of 34?
True
Is 892 a multiple of 21?
False
Does 12 divide 13738?
False
Does 3 divide 234?
True
Is 12 a factor of 3359?
False
Does 9 divide 4446?
True
Is 172 even?
True
Is 7280 a multiple of 91?
True
Is 4446 a multiple of 39?
True
Does 30 divide 1170?
True
Does 5 divide 1033?
False
Is 6095 a multiple of 115?
True
Is 76 a factor of 6232?
True
Is 27 a factor of 10260?
True
Is 28054 a multiple of 83?
True
Is 46 a factor of 1228?
False
Is 440 a multiple of 10?
True
Is 277 a factor of 106091?
True
Is 972 a multiple of 4?
True
Does 3 divide 76?
False
Is 1179 a multiple of 68?
False
Is 18 a factor of 218?
False
Is 18 a factor of 71658?
True
Is 84 a multiple of 3?
True
Is 1496 a multiple of 11?
True
Is 50184 a multiple of 13?
False
Is 3 a factor of 42?
True
Is 9 a factor of 2673?
True
Is 68 a factor of 55420?
True
Does 12 divide 45714?
False
Is 1729 a multiple of 2?
False
Is 11 a factor of 5021?
False
Does 6 divide 2874?
True
Is 427 a multiple of 18?
False
Is 121 a multiple of 8?
False
Does 216 divide 33696?
True
Does 89 divide 13232?
False
Is 15 a factor of 22544?
False
Is 21328 a multiple of 16?
True
Is 2368 a multiple of 36?
False
Does 18 divide 1368?
True
Is 23 a multiple of 4?
False
Is 90 a factor of 31230?
True
Is 69 a factor of 3105?
True
Is 965 a multiple of 32?
False
Is 58650 a multiple of 15?
True
Does 19 divide 1422?
False
Does 45 divide 3740?
False
Is 500 a multiple of 21?
False
Is 2716 a multiple of 34?
False
Is 78 a factor of 3432?
True
Is 1420 a multiple of 5?
True
Does 89 divide 13913?
False
Is 40 a factor of 46291?
False
Does 64 divide 861?
False
Is 29424 a multiple of 8?
True
Is 224 a multiple of 16?
True
Is 899 a multiple of 31?
True
Is 14 a factor of 4214?
True
Is 2 a factor of 282?
True
Is 6668 a multiple of 3?
False
Does 104 divide 12812?
False
Is 1754 a multiple of 11?
False
Is 21 a factor of 2051?
False
Does 189 divide 11151?
True
Is 310 a multiple of 5?
True
Is 73945 a multiple of 23?
True
Is 518 a multiple of 2?
True
Is 363 a multiple of 49?
False
Is 9 a factor of 1251?
True
Does 86 divide 688?
True
Does 22 divide 21912?
True
Is 582 a multiple of 6?
True
Is 311 a multiple of 6?
False
Does 73 divide 817?
False
Does 107 divide 1605?
True
Is 9 a factor of 162?
True
Is 182 a factor of 6370?
True
Does 16 divide 1662?
False
Does 53 divide 3830?
False
Is 14578 a multiple of 164?
False
Is 6921 a multiple of 36?
False
Does 25 divide 2765?
False
Is 1842 a multiple of 11?
False
Is 12 a factor of 1444?
False
Is 1256 a multiple of 15?
False
Is 119 a factor of 3451?
True
Is 228 a factor of 61589?
False
Is 53 a factor of 147407?
False
Is 17010 a multiple of 81?
True
Does 42 divide 78078?
True
Does 11 divide 16661?
False
Is 4 a factor of 3429?
False
Does 11 divide 11?
True
Does 31 divide 16182?
True
Is 106 a multiple of 30?
False
Is 274 a factor of 21098?
True
Is 9 a factor of 853?
False
Does 11 divide 109934?
True
Is 3 a factor of 1346?
False
Is 60 a factor of 11969?
False
Is 112030 a multiple of 16?
False
Is 5016 a multiple of 38?
True
Is 15 a factor of 3450?
True
Is 1360 a multiple of 80?
True
Does 8 divide 648?
True
Is 2376 a multiple of 12?
True
Is 162 a factor of 38394?
True
Does 98 divide 44959?
False
Is 1104 a multiple of 8?
True
Is 184 a factor of 19458?
False
Is 893 a multiple of 19?
True
Is 493 a multiple of 9?
False
Does 33 divide 2079?
True
Does 8 divide 876?
False
Is 13536 a multiple of 14?
False
Does 6 divide 5396?
False
Does 6 divide 3485?
False
Is 170 a factor of 16962?
False
Is 3315 even?
False
Does 90 divide 2340?
True
Is 11 a factor of 3889?
False
Does 65 divide 16189?
False
Is 100 a multiple of 4?
True
Is 16 a factor of 896?
True
Does 49 divide 7497?
True
Does 23 divide 1150?
True
Is 15 a factor of 780?
True
Does 4 divide 720?
True
Is 442 a multiple of 2?
True
Does 47 divide 31067?
True
Is 42872 a multiple of 184?
True
Does 2 divide 761?
False
Does 16 divide 11873?
False
Is 127 a factor of 2540?
True
Does 36 divide 1036?
False
Does 9 divide 2148?
False
Does 10 divide 1160?
True
Does 11 divide 112213?
False
Is 3 a factor of 1787?
False
Is 2880 a multiple of 20?
True
Is 16 a factor of 80?
True
Is 3339 a multiple of 53?
True
Is 779 a multiple of 3?
False
Is 3 a factor of 303?
True
Is 32 a factor of 128?
True
Is 8687 a multiple of 48?
False
Does 74 divide 2442?
True
Does 45 divide 7683?
False
Is 1265 a multiple of 23?
True
Is 18 a factor of 19674?
True
Is 174 a factor of 24186?
True
Is 18 a factor of 1498?
False
Is 4200 a multiple of 30?
True
Is 143 a factor of 2431?
True
Is 28 a factor of 420?
True
Is 9689 a multiple of 124?
False
Is 413 a multiple of 46?
False
Is 357 a multiple of 22?
False
Is 112 a factor of 1792?
True
Does 12 divide 30768?
True
Is 17 a factor of 3007?
False
Does 4 divide 131?
False
Does 5 divide 224?
False
Is 22 a factor of 5544?
True
Does 210 divide 22470?
True
Is 1269 even?
False
Does 226 divide 20792?
True
Is 1877 a multiple of 15?
False
Is 2040 a multiple of 85?
True
Doe